hat is the remainder when 218 is divided by 29?
15
Calculate the remainder when 3311 is divided by 301.
0
Calculate the remainder when 75 is divided by 26.
23
Calculate the remainder when 41230 is divided by 48.
46
Calculate the remainder when 1636 is divided by 406.
12
What is the remainder when 110 is divided by 40?
30
Calculate the remainder when 502 is divided by 42.
40
What is the remainder when 1078 is divided by 18?
16
Calculate the remainder when 8521 is divided by 275.
271
What is the remainder when 44 is divided by 29?
15
Calculate the remainder when 316 is divided by 107.
102
Calculate the remainder when 101 is divided by 34.
33
What is the remainder when 419 is divided by 5?
4
Calculate the remainder when 330 is divided by 113.
104
Calculate the remainder when 69 is divided by 14.
13
Calculate the remainder when 8058 is divided by 37.
29
What is the remainder when 360 is divided by 52?
48
Calculate the remainder when 1234 is divided by 95.
94
Calculate the remainder when 210 is divided by 89.
32
Calculate the remainder when 879 is divided by 34.
29
Calculate the remainder when 100 is divided by 35.
30
What is the remainder when 344 is divided by 31?
3
What is the remainder when 846 is divided by 6?
0
What is the remainder when 431 is divided by 9?
8
What is the remainder when 43 is divided by 25?
18
Calculate the remainder when 560 is divided by 210.
140
Calculate the remainder when 187 is divided by 27.
25
What is the remainder when 110 is divided by 58?
52
What is the remainder when 810 is divided by 43?
36
What is the remainder when 186 is divided by 97?
89
What is the remainder when 73 is divided by 15?
13
Calculate the remainder when 274 is divided by 25.
24
What is the remainder when 65 is divided by 12?
5
What is the remainder when 39751 is divided by 13?
10
What is the remainder when 5179 is divided by 33?
31
What is the remainder when 84 is divided by 26?
6
What is the remainder when 67 is divided by 19?
10
What is the remainder when 300 is divided by 51?
45
Calculate the remainder when 229 is divided by 112.
5
Calculate the remainder when 1074 is divided by 72.
66
What is the remainder when 596 is divided by 15?
11
Calculate the remainder when 346 is divided by 6.
4
Calculate the remainder when 12231 is divided by 161.
156
Calculate the remainder when 151 is divided by 17.
15
What is the remainder when 1052 is divided by 137?
93
What is the remainder when 810 is divided by 14?
12
Calculate the remainder when 1478 is divided by 216.
182
What is the remainder when 106 is divided by 71?
35
Calculate the remainder when 185 is divided by 55.
20
Calculate the remainder when 117 is divided by 60.
57
Calculate the remainder when 34054 is divided by 172.
170
Calculate the remainder when 1435 is divided by 60.
55
Calculate the remainder when 631 is divided by 164.
139
Calculate the remainder when 650 is divided by 319.
12
What is the remainder when 43 is divided by 19?
5
Calculate the remainder when 2481 is divided by 23.
20
Calculate the remainder when 161 is divided by 139.
22
Calculate the remainder when 15471 is divided by 4.
3
Calculate the remainder when 56 is divided by 37.
19
What is the remainder when 196 is divided by 2?
0
What is the remainder when 559 is divided by 56?
55
Calculate the remainder when 58 is divided by 30.
28
Calculate the remainder when 1579 is divided by 1572.
7
What is the remainder when 509 is divided by 474?
35
Calculate the remainder when 4480 is divided by 497.
7
Calculate the remainder when 598 is divided by 120.
118
Calculate the remainder when 99 is divided by 10.
9
Calculate the remainder when 45 is divided by 10.
5
What is the remainder when 226 is divided by 13?
5
Calculate the remainder when 3073 is divided by 53.
52
What is the remainder when 722 is divided by 25?
22
Calculate the remainder when 24 is divided by 11.
2
Calculate the remainder when 3617 is divided by 41.
9
What is the remainder when 1241 is divided by 411?
8
Calculate the remainder when 45 is divided by 18.
9
What is the remainder when 672 is divided by 45?
42
Calculate the remainder when 382 is divided by 44.
30
Calculate the remainder when 866 is divided by 14.
12
Calculate the remainder when 167 is divided by 49.
20
What is the remainder when 752 is divided by 26?
24
Calculate the remainder when 2914 is divided by 37.
28
Calculate the remainder when 8842 is divided by 67.
65
Calculate the remainder when 2378 is divided by 1186.
6
What is the remainder when 64 is divided by 16?
0
What is the remainder when 228 is divided by 78?
72
Calculate the remainder when 474 is divided by 4.
2
What is the remainder when 100 is divided by 7?
2
What is the remainder when 1547 is divided by 142?
127
Calculate the remainder when 766 is divided by 57.
25
Calculate the remainder when 1173 is divided by 8.
5
What is the remainder when 773 is divided by 122?
41
Calculate the remainder when 61 is divided by 34.
27
Calculate the remainder when 245 is divided by 13.
11
What is the remainder when 112 is divided by 32?
16
Calculate the remainder when 181 is divided by 67.
47
Calculate the remainder when 430 is divided by 6.
4
What is the remainder when 724 is divided by 62?
42
What is the remainder when 6326 is divided by 32?
22
What is the remainder when 16 is divided by 1?
0
Calculate the remainder when 2081 is divided by 189.
2
Calculate the remainder when 2127 is divided by 353.
9
Calculate the remainder when 4845 is divided by 605.
5
Calculate the remainder when 425 is divided by 19.
7
Calculate the remainder when 279 is divided by 21.
6
What is the remainder when 478 is divided by 166?
146
What is the remainder when 371 is divided by 157?
57
What is the remainder when 433 is divided by 15?
13
What is the remainder when 229 is divided by 45?
4
What is the remainder when 792 is divided by 275?
242
What is the remainder when 934 is divided by 26?
24
What is the remainder when 70 is divided by 57?
13
What is the remainder when 152 is divided by 80?
72
What is the remainder when 128 is divided by 16?
0
Calculate the remainder when 458 is divided by 16.
10
What is the remainder when 213 is divided by 162?
51
Calculate the remainder when 415 is divided by 180.
55
Calculate the remainder when 567 is divided by 26.
21
Calculate the remainder when 2 is divided by 1.
0
Calculate the remainder when 157 is divided by 52.
1
Calculate the remainder when 181 is divided by 32.
21
What is the remainder when 7738 is divided by 90?
88
Calculate the remainder when 61 is divided by 40.
21
Calculate the remainder when 1077 is divided by 215.
2
What is the remainder when 748 is divided by 30?
28
What is the remainder when 118 is divided by 45?
28
What is the remainder when 425 is divided by 45?
20
Calculate the remainder when 8529 is divided by 108.
105
Calculate the remainder when 2 is divided by 2.
0
Calculate the remainder when 259 is divided by 50.
9
Calculate the remainder when 329 is divided by 36.
5
What is the remainder when 110 is divided by 34?
8
What is the remainder when 13907 is divided by 130?
127
What is the remainder when 70 is divided by 8?
6
What is the remainder when 844 is divided by 414?
16
Calculate the remainder when 1469 is divided by 533.
403
Calculate the remainder when 3644 is divided by 27.
26
Calculate the remainder when 688 is divided by 78.
64
Calculate the remainder when 1135 is divided by 1116.
19
What is the remainder when 188 is divided by 64?
60
Calculate the remainder when 80 is divided by 50.
30
Calculate the remainder when 165 is divided by 84.
81
Calculate the remainder when 52 is divided by 17.
1
What is the remainder when 1923 is divided by 107?
104
What is the remainder when 351 is divided by 99?
54
What is the remainder when 319 is divided by 262?
57
Calculate the remainder when 1181 is divided by 304.
269
Calculate the remainder when 88 is divided by 82.
6
Calculate the remainder when 7545 is divided by 148.
145
What is the remainder when 31 is divided by 6?
1
Calculate the remainder when 2088 is divided by 53.
21
Calculate the remainder when 58 is divided by 17.
7
Calculate the remainder when 106 is divided by 76.
30
Calculate the remainder when 303 is divided by 98.
9
Calculate the remainder when 410 is divided by 